 3028059?
3
What is the tens digit of 38821378?
7
What is the hundred thousands digit of 3109332090?
3
What is the thousands digit of 1184643693?
3
What is the ten millions digit of 265895524?
6
What is the units digit of 291803787?
7
What is the ten thousands digit of 221730671?
3
What is the tens digit of 8294579?
7
What is the ten millions digit of 827653434?
2
What is the hundreds digit of 1874140?
1
What is the millions digit of 838172305?
8
What is the tens digit of 141189988?
8
What is the ten millions digit of 64054951?
6
What is the hundreds digit of 217545538?
5
What is the units digit of 862662829?
9
What is the tens digit of 310256248?
4
What is the tens digit of 99639593?
9
What is the millions digit of 1895185966?
5
What is the units digit of 309368026?
6
What is the thousands digit of 4568471481?
1
What is the hundred thousands digit of 542551100?
5
What is the ten millions digit of 6284140011?
8
What is the ten millions digit of 57427831?
5
What is the thousands digit of 154979034?
9
What is the ten millions digit of 134769827?
3
What is the thousands digit of 6499105604?
5
What is the units digit of 145160597?
7
What is the ten thousands digit of 18590177?
9
What is the ten millions digit of 579165620?
7
What is the ten thousands digit of 962849473?
4
What is the ten millions digit of 55963270?
5
What is the hundred thousands digit of 47861986?
8
What is the hundred millions digit of 398152109?
3
What is the hundred thousands digit of 132727795?
7
What is the thousands digit of 43179774?
9
What is the thousands digit of 2913137032?
7
What is the hundred millions digit of 4201802161?
2
What is the hundred millions digit of 1328772979?
3
What is the ten thousands digit of 1521329531?
2
What is the millions digit of 13154336?
3
What is the hundreds digit of 65448007?
0
What is the hundreds digit of 531606482?
4
What is the ten thousands digit of 823456059?
5
What is the hundred thousands digit of 667928183?
9
What is the millions digit of 1138644644?
8
What is the hundred millions digit of 807160649?
8
What is the tens digit of 197886520?
2
What is the hundreds digit of 373858077?
0
What is the tens digit of 153505830?
3
What is the ten millions digit of 436776134?
3
What is the ten thousands digit of 1546265506?
6
What is the ten millions digit of 58827376?
5
What is the hundred millions digit of 134690752?
1
What is the hundreds digit of 38512597?
5
What is the ten thousands digit of 61706946?
0
What is the tens digit of 80836772?
7
What is the ten thousands digit of 3035193989?
9
What is the hundred thousands digit of 1756082142?
0
What is the thousands digit of 41415438?
5
What is the thousands digit of 188648951?
8
What is the millions digit of 34731604?
4
What is the ten thousands digit of 114231604?
3
What is the units digit of 38539217?
7
What is the thousands digit of 397059748?
9
What is the ten thousands digit of 21382384?
8
What is the hundred millions digit of 126420624?
1
What is the ten millions digit of 491124248?
9
What is the hundred millions digit of 135845475?
1
What is the hundred millions digit of 167364179?
1
What is the millions digit of 2856048491?
6
What is the thousands digit of 204664187?
4
What is the tens digit of 103221022?
2
What is the hundred thousands digit of 569925794?
9
What is the millions digit of 329735500?
9
What is the ten millions digit of 580978805?
8
What is the ten millions digit of 2750164773?
5
What is the millions digit of 61445144?
1
What is the hundred thousands digit of 741707163?
7
What is the ten thousands digit of 262464151?
6
What is the hundred thousands digit of 861452862?
4
What is the hundred thousands digit of 128075480?
0
What is the hundreds digit of 8322925?
9
What is the thousands digit of 161478789?
8
What is the millions digit of 15391281?
5
What is the thousands digit of 335422205?
2
What is the hundred thousands digit of 456872796?
8
What is the hundred thousands digit of 877847664?
8
What is the millions digit of 446204126?
6
What is the tens digit of 259922347?
4
What is the hundred millions digit of 188287155?
1
What is the billions digit of 3928018229?
3
What is the ten thousands digit of 89125415?
2
What is the hundreds digit of 1178748557?
5
What is the ten millions digit of 40906309?
4
What is the hundreds digit of 444867617?
6
What is the ten thousands digit of 1196882921?
8
What is the millions digit of 43996236?
3
What is the ten millions digit of 97999986?
9
What is the thousands digit of 1731539640?
9
What is the hundreds digit of 420256615?
6
What is the ten millions digit of 6621448325?
2
What is the millions digit of 438918808?
8
What is the ten thousands digit of 207128811?
2
What is the ten thousands digit of 38002655?
0
What is the thousands digit of 401649198?
9
What is the millions digit of 57324154?
7
What is the millions digit of 3787636190?
7
What is the ten thousands digit of 61956683?
5
What is the units digit of 816856621?
1
What is the hundred millions digit of 405933943?
4
What is the hundreds digit of 28281219?
2
What is the ten thousands digit of 13994955?
9
What is the hundred thousands digit of 1007196048?
1
What is the hundred thousands digit of 333783478?
7
What is the ten millions digit of 1168727214?
6
What is the hundred thousands digit of 280574997?
5
What is the ten thousands digit of 37555988?
5
What is the hundred millions digit of 295376230?
2
What is the hundreds digit of 192940329?
3
What is the units digit of 988905063?
3
What is the hundreds digit of 5062588130?
1
What is the millions digit of 407439721?
7
What is the hundreds digit of 36533106?
1
What is the thousands digit of 43110112?
0
What is the units digit of 3113650368?
8
What is the ten millions digit of 102477216?
0
What is the hundred millions digit of 118864319?
1
What is the hundreds digit of 20288545?
5
What is the hundred thousands digit of 6235852?
2
What is the thousands digit of 50337312?
7
What is the hundred millions digit of 295587080?
2
What is the ten thousands digit of 28754735?
5
What is the millions digit of 667173403?
7
What is the units digit of 100521251?
1
What is the units digit of 160196012?
2
What is the hundreds digit of 17375312?
3
What is the ten thousands digit of 1309991325?
9
What is the tens digit of 202651209?
0
What is the thousands digit of 4203281504?
1
What is the hundreds digit of 36635978?
9
What is the thousands digit of 218576890?
6
What is the ten millions digit of 636516701?
3
What is the thousands digit of 133421116?
1
What is the ten thousands digit of 136099474?
9
What is the ten millions digit of 1364813949?
6
What is the units digit of 30945742?
2
What is the units digit of 345961719?
9
What is the units digit of 43669975?
5
What is the millions digit of 50993370?
0
What is the ten millions digit of 709398164?
0
What is the billions digit of 1808650387?
1
What is the units digit of 914398795?
5
What is the millions digit of 27273337?
7
What is the billions digit of 1289058434?
1
What is the hundreds digit of 13219830?
8
What is the units digit of 418809452?
2
What is the units digit of 3044468683?
3
What is the thousands digit of 19741779?
1
What is the thousands digit of 1211675034?
5
What is the millions digit of 126315217?
6
What is the thousands digit of 367581038?
1
What is the hundreds digit of 31572566?
5
What is the hundred millions digit of 109592874?
1
What is the ten millions digit of 74955588?
7
What is the millions digit of 1421250907?
1
What is the hundreds digit of 17717018?
0
What is the hundred thousands digit of 431608827?
6
What is the ten millions digit of 5830212540?
3
What is the hundred thousands digit of 208117995?
1
What is the units digit of 89202869?
9
What is the ten thousands digit of 30537310?
3
What is the units digit of 1825256513?
3
What is the ten millions digit of 24363093?
2
What is the hundreds digit of 35393568?
5
What is the ten millions digit of 418361391?
1
What is the hundred thousands digit of 1778232312?
2
What is the ten thousands digit of 11091287?
9
What is the millions digit of 38807829?
8
What is the units digit of 2714973349?
9
What is the hundred thousands digit of 464783428?
7
What is the tens digit of 413688002?
0
What is the hundreds digit of 149277267?